t of 28419?
4
What is the hundreds digit of 11592?
5
What is the tens digit of 70?
7
What is the tens digit of 22991?
9
What is the hundreds digit of 72102?
1
What is the hundreds digit of 2788?
7
What is the ten thousands digit of 19559?
1
What is the hundreds digit of 18718?
7
What is the thousands digit of 2992?
2
What is the tens digit of 545?
4
What is the tens digit of 2511?
1
What is the tens digit of 13?
1
What is the thousands digit of 8592?
8
What is the ten thousands digit of 22371?
2
What is the units digit of 27231?
1
What is the hundreds digit of 61233?
2
What is the tens digit of 1079?
7
What is the hundreds digit of 1577?
5
What is the units digit of 1246?
6
What is the tens digit of 819?
1
What is the tens digit of 2589?
8
What is the units digit of 17856?
6
What is the units digit of 3783?
3
What is the hundreds digit of 10567?
5
What is the units digit of 462?
2
What is the hundreds digit of 3041?
0
What is the hundreds digit of 696?
6
What is the thousands digit of 11654?
1
What is the tens digit of 2886?
8
What is the units digit of 130?
0
What is the units digit of 4675?
5
What is the tens digit of 2344?
4
What is the ten thousands digit of 100337?
0
What is the ten thousands digit of 20662?
2
What is the units digit of 665?
5
What is the units digit of 290?
0
What is the tens digit of 1113?
1
What is the hundreds digit of 2160?
1
What is the units digit of 24082?
2
What is the tens digit of 36473?
7
What is the hundreds digit of 1432?
4
What is the ten thousands digit of 80249?
8
What is the units digit of 1005?
5
What is the ten thousands digit of 37995?
3
What is the ten thousands digit of 39518?
3
What is the ten thousands digit of 31221?
3
What is the tens digit of 2050?
5
What is the tens digit of 306?
0
What is the thousands digit of 4876?
4
What is the hundreds digit of 418?
4
What is the ten thousands digit of 11884?
1
What is the units digit of 18770?
0
What is the tens digit of 32?
3
What is the hundreds digit of 699?
6
What is the hundreds digit of 1467?
4
What is the units digit of 1420?
0
What is the thousands digit of 20127?
0
What is the tens digit of 34480?
8
What is the units digit of 274?
4
What is the hundreds digit of 1053?
0
What is the ten thousands digit of 126952?
2
What is the ten thousands digit of 61563?
6
What is the units digit of 1892?
2
What is the tens digit of 3551?
5
What is the units digit of 33585?
5
What is the tens digit of 18807?
0
What is the thousands digit of 7852?
7
What is the units digit of 600?
0
What is the units digit of 163?
3
What is the units digit of 116378?
8
What is the thousands digit of 1808?
1
What is the hundreds digit of 644?
6
What is the hundreds digit of 6606?
6
What is the ten thousands digit of 39071?
3
What is the tens digit of 8600?
0
What is the tens digit of 1093?
9
What is the hundreds digit of 211?
2
What is the thousands digit of 110263?
0
What is the thousands digit of 9789?
9
What is the units digit of 8771?
1
What is the thousands digit of 5539?
5
What is the units digit of 4035?
5
What is the tens digit of 28694?
9
What is the tens digit of 718?
1
What is the tens digit of 798?
9
What is the hundreds digit of 681?
6
What is the thousands digit of 49539?
9
What is the tens digit of 658?
5
What is the thousands digit of 2667?
2
What is the units digit of 624?
4
What is the tens digit of 24?
2
What is the units digit of 18396?
6
What is the tens digit of 2616?
1
What is the hundreds digit of 77650?
6
What is the ten thousands digit of 24634?
2
What is the thousands digit of 14672?
4
What is the units digit of 37403?
3
What is the tens digit of 27978?
7
What is the units digit of 482?
2
What is the tens digit of 1535?
3
What is the tens digit of 807?
0
What is the hundreds digit of 12504?
5
What is the thousands digit of 13593?
3
What is the thousands digit of 52733?
2
What is the hundreds digit of 43494?
4
What is the thousands digit of 2656?
2
What is the units digit of 2178?
8
What is the tens digit of 202?
0
What is the tens digit of 9423?
2
What is the units digit of 535?
5
What is the hundreds digit of 153393?
3
What is the hundreds digit of 3107?
1
What is the hundreds digit of 3290?
2
What is the hundreds digit of 60087?
0
What is the tens digit of 62990?
9
What is the thousands digit of 2141?
2
What is the units digit of 1576?
6
What is the thousands digit of 4045?
4
What is the units digit of 38937?
7
What is the thousands digit of 1345?
1
What is the hundreds digit of 1216?
2
What is the thousands digit of 19341?
9
What is the hundreds digit of 2748?
7
What is the tens digit of 54256?
5
What is the tens digit of 9653?
5
What is the hundreds digit of 13102?
1
What is the units digit of 43342?
2
What is the units digit of 2298?
8
What is the hundreds digit of 109375?
3
What is the tens digit of 5227?
2
What is the units digit of 461?
1
What is the tens digit of 14164?
6
What is the thousands digit of 2754?
2
What is the tens digit of 18009?
0
What is the tens digit of 1153?
5
What is the units digit of 3442?
2
What is the thousands digit of 9273?
9
What is the thousands digit of 33065?
3
What is the thousands digit of 3591?
3
What is the tens digit of 711?
1
What is the tens digit of 1478?
7
What is the tens digit of 15304?
0
What is the thousands digit of 7158?
7
What is the tens digit of 687?
8
What is the thousands digit of 9261?
9
What is the units digit of 3516?
6
What is the thousands digit of 3729?
3
What is the hundreds digit of 15381?
3
What is the hundreds digit of 41103?
1
What is the hundreds digit of 22975?
9
What is the thousands digit of 14152?
4
What is the hundreds digit of 43347?
3
What is the tens digit of 200?
0
What is the tens digit of 8947?
4
What is the units digit of 6989?
9
What is the hundreds digit of 5958?
9
What is the hundreds digit of 86064?
0
What is the tens digit of 558?
5
What is the hundreds digit of 2806?
8
What is the hundreds digit of 6553?
5
What is the ten thousands digit of 36733?
3
What is the tens digit of 3182?
8
What is the ten thousands digit of 11936?
1
What is the units digit of 143?
3
What is the units digit of 2212?
2
What is the thousands digit of 1661?
1
What is the thousands digit of 30137?
0
What is the hundreds digit of 617?
6
What is the tens digit of 6422?
2
What is the tens digit of 1139?
3
What is the tens digit of 3815?
1
What is the tens digit of 6288?
8
What is the ten thousands digit of 53418?
5
What is the thousands digit of 10360?
0
What is the ten thousands digit of 10338?
1
What is the hundreds digit of 57146?
1
What is the tens digit of 631?
3
What is the thousands digit of 1020?
1
What is the units digit of 3770?
0
What is the units digit of 21643?
3
What is the units digit of 7469?
9
What is the units digit of 16863?
3
What is the tens digit of 132?
3
What is the ten thousands digit of 25687?
2
What is the units digit of 1981?
1
What is the hundreds digit of 75333?
3
What is the hundreds digit of 131312?
3
What is the tens digit of 1338?
3
What is the hundreds digit of 10066?
0
What is the thousands digit of 20393?
0
What is the tens digit of 142402?
0
What is the units digit of 7026?
6
What is the units digit of 7428?
8
What is the tens digit of 657?
5
What is the tens digit of 18228?
2
What is the units digit of 8393?
3
What is the tens digit of 1049?
4
What is the hundreds digit of 11421?
4
What is the hundreds digit of 1059?
0
What is the units digit of 14380?
0
What is the ten thousands digit of 18365?
1
What is the thousands digit of 1865?
1
What is the ten thousands digit of 68897?
6
What is the units digit of 710?
0
What is the units digit of 208?
8
What is the tens digit of 616?
1
What is the tens digit of 43177?
7
What is the units digit of 5814?
4
What is the units digit of 46425?
5
What is the units digit of 118904?
4
What is the thousands digit of 27499?
7
What is the tens digit of 11118?
1
What is the units digit of 2746?
6
What is the hundreds digit of 49168?
1
What is the tens digit of 284?
8
What is the tens digit of 2594?
9
What is the hundreds digit of 1018?
0
What is the tens digit of 3543?
4
What is the thousands digit of 9021?
9
What is the hundreds digit of 56402?
4
What is the hundreds digit of 584?
5
What is the hundreds digit of 11421?
4
Wha